 is the units digit of y?
6
Let v(z) be the second derivative of z**5/20 - 5*z**4/6 + 5*z**3/3 + 5*z**2 + z. What is the tens digit of v(9)?
1
What is the units digit of 2/1*150/4?
5
Let v(f) = -f**3 + 3*f**2 - 2*f + 3. Let l be 5/10*(-15 - -1). Let a be ((-24)/42)/(2/l). What is the units digit of v(a)?
3
Let j be 5 - ((-4)/2)/(-2). Suppose -g + 1 = -3*t, 4*g - 3*t - j = -0. What is the units digit of g?
1
Let u be (1/2)/(1/6). Suppose o - u = -0. Let x = 9 + o. What is the units digit of x?
2
Suppose -4*b + 190 = b. What is the units digit of b?
8
Let i = -3 + 5. Suppose -7 = -4*y - 3*a, 0 = -i*y - 0*a + 3*a + 17. What is the units digit of 12*(-1 + y/3)?
4
Suppose -2*b = 3*b - 75. Let l = -11 + b. Suppose -5*z + 30 = 4*i, -l*z + 0*z = 4*i - 20. What is the tens digit of z?
1
Suppose -5*p = -0*p - 270. What is the units digit of p?
4
Suppose 4*k - 86 + 18 = 0. What is the units digit of k?
7
Let h = -10 + 8. What is the tens digit of (-38)/h + 4/(-4)?
1
Let j(b) = -b**2 + 14*b + 20. Let f be j(15). Suppose 0 = 5*s - 2*s + 5*n - 30, 5*s + f*n - 60 = 0. What is the units digit of s?
5
Suppose -3*o + 0*o + 118 = w, -520 = -4*w + 4*o. What is the hundreds digit of w?
1
Suppose 3*k - 7 - 5 = 0. Suppose k*y = t + 111, 2*y + 4*t = 2*t + 68. What is the tens digit of y?
2
What is the units digit of (-5)/((-5)/(-45)*-3)?
5
Suppose -3 + 5 = d. Suppose 5*b = -3*m + b + 26, d*m - 3*b = 6. What is the units digit of m?
6
Let s be 34/8 - 1/4. Suppose 0 = 4*p - 2*p. Let y = s - p. What is the units digit of y?
4
Let l(r) be the first derivative of -r**3/3 + 5*r**2/2 + 2*r + 1. What is the units digit of l(5)?
2
Suppose -40 = -6*g + g - 5*v, 4*g = 4*v + 56. What is the tens digit of g?
1
Suppose -4*s = -4*x - 456, 4*s + 3*x - 253 = 2*s. Suppose c - 42 = 3*b - 4, 4*c = b + s. What is the tens digit of c?
2
Let b(k) = -11*k + 4. Let i be b(6). Let j be (-1)/(-4) - i/8. Suppose 3*n = j + 1. What is the units digit of n?
3
Let h(n) be the first derivative of 7/2*n**2 + 10/3*n**3 + 2 - 10*n + 1/4*n**4. What is the units digit of h(-9)?
8
Let h(b) = -b**3 + 12*b**2 - 12*b + 14. Let v be h(11). Suppose v*x - 2 = 4. What is the units digit of x?
2
Let d(u) = -u**3 - u**2 - 5*u - 1. What is the tens digit of d(-4)?
6
Suppose 0 = 7*w - 57 - 923. What is the hundreds digit of w?
1
Suppose -5*a + 20 = 5. Suppose -3*i + 3 = -4*c - 0, 3*i + 3*c - a = 0. What is the units digit of i?
1
Let u = -10 - -14. Suppose -u*n - 7 = -3*r, 4*r + 3 = -n + 25. Suppose 0 = 4*t + n*w - 4*w - 40, -3*w - 12 = 0. What is the units digit of t?
8
Suppose 36 = -2*q - 2*q. Let f(j) be the third derivative of -j**4/24 - j**3/3 + 10*j**2. What is the units digit of f(q)?
7
Suppose -10 = 5*k - 2*y, -5*k - 4*y + 8*y - 20 = 0. Suppose 12 = -3*n - k. Let h(c) = -c**2 - 5*c - 3. What is the units digit of h(n)?
1
Let t = 7 + -7. Suppose 2*v + 3*v - z - 16 = t, -11 = -5*v - 4*z. Suppose v*l = 3*j + 45, -5*l - 2*j + 60 = -l. What is the tens digit of l?
1
Let w be (-16)/(-6)*(-2 + -1). Let s = 25 + w. What is the tens digit of s?
1
Let l = 201 - -20. What is the hundreds digit of l?
2
Suppose 0 = 4*l + m - 17 - 487, 0 = 2*l + m - 254. Suppose -k = 5*d - 0*k - l, -4*d + 100 = -2*k. What is the tens digit of d?
2
Let v = 18 - 5. Suppose 0 = -4*s - 4*c + 16, 3*s - v + 1 = 2*c. Suppose 4*p - 4 - s = 0. What is the units digit of p?
2
Suppose -6*c + 7*c + 13 = 0. Let o(i) = -i**2 - 14*i + 4. What is the units digit of o(c)?
7
Suppose 4*o - 334 = 230. What is the hundreds digit of o?
1
Suppose -30 = 5*f - 2*f. What is the units digit of 4/6 - f/3?
4
What is the units digit of ((-8)/(-24))/(2/54)?
9
Suppose 0*i - 3 = i - 2*z, -16 = -4*z. Let u = 19 + i. What is the units digit of u?
4
Let x = 6 - 1. Suppose 0 = x*a - 72 + 17. What is the units digit of a?
1
Let f = 10 - -9. Let i = 31 - f. What is the tens digit of i?
1
Suppose -2*j - 2 = -4*j, 3*o + 2*j - 95 = 0. What is the units digit of o?
1
Suppose -3*y + 4*y = 32. Suppose -y = b - 3*b. What is the tens digit of b?
1
Let b(w) = -2*w**3 - w**2 + 2*w - 2. Let g be b(2). Let j = g + 31. What is the units digit of j?
3
Suppose 4*p + 0*p - 240 = 0. Suppose -q = -5*q + p. What is the units digit of q?
5
Suppose 3*v + 4*a = 7*v - 120, 0 = 2*v + 2*a - 40. What is the units digit of v?
5
Suppose -3*s - 3*n + 120 = 0, 0*s - 212 = -5*s + n. What is the units digit of s?
2
Let b(k) = k**3 - 5*k**2 + 5*k - 2. Suppose -11 - 1 = -4*w. Let p be (-21)/14*(-8)/w. What is the units digit of b(p)?
2
Suppose -3 = -2*l - 0*l - a, -5*l + 15 = -5*a. Suppose -3*j + 4*r = -50, -l*j + 2*r = 4*r - 24. What is the tens digit of j?
1
Suppose -v = -1 + 3. Let u be (-1 - -3)/v - -1. Suppose u - 20 = -4*y. What is the units digit of y?
5
Let s(d) = -d**3 - 8*d**2 + 9*d - 4. Let c be s(-9). Let n(w) = w + 6. What is the units digit of n(c)?
2
Let g = 2 + -3. Let v = g - -6. Let i = -4 + v. What is the units digit of i?
1
Let r(y) = y**3 - 8*y**2 - 7*y - 9. Let v be r(9). Let b(f) = f**2. Let l(t) = -5*t**2 - 8*t - 13. Let k(s) = -6*b(s) - l(s). What is the units digit of k(v)?
4
Suppose -k + 22 = r, -85 = 2*k - 6*k - 3*r. What is the units digit of k?
9
Let j = 2 - 0. Let m(z) = 6*z. Let n be m(j). Suppose 0 = 3*u - n, 3*w + 5 = -5*u + 40. What is the units digit of w?
5
Let t(p) = -5*p**2 + 2*p + p**2 + 5*p**2. What is the units digit of t(-6)?
4
Let s(h) = -h + 1 - 3 + 3. Let b be 20/(-25)*(-5)/(-2). What is the units digit of s(b)?
3
Let p be 10/(-35) + (-200)/(-14). What is the units digit of 28/p - 24/(-2)?
4
Suppose -9 = -0*k + k + a, 5*k = 4*a - 18. Suppose 5 = -4*m - 11. Let x = m - k. What is the units digit of x?
2
Suppose 2*b - 3*k = -15, 4*b + 21 = 2*k - 21. What is the tens digit of (1/(-3) - 3)*b?
4
Suppose 0 = -0*f - 2*f + 16. What is the units digit of (f/(-4))/((-1)/2)?
4
Let p(t) = -t - 2. Let z be p(-4). Let q(k) = -k**2 - k**z - 7*k + 7*k**2 + k**3. What is the units digit of q(-6)?
6
Suppose 4*q = 3*b + 3*q - 688, -4*q + 238 = b. What is the tens digit of b?
3
Let r(y) = -8*y - 7. What is the tens digit of r(-5)?
3
Suppose -3*b = 2*b. Let x = 3 - b. Let h = 6 - x. What is the units digit of h?
3
Let h(l) = l**2 - 4*l + 5. What is the units digit of h(-4)?
7
Let t = -11 - -32. What is the units digit of t?
1
Let m(i) = -2*i**3 - 3*i**2 + 4*i - 5. What is the units digit of m(-4)?
9
Suppose 3*r + 0*r - 12 = 0. Suppose 3*p - r = -1. What is the units digit of p?
1
Suppose -4*z + 2*x + 6 = 0, -2*x - 5 = -x. Let y be -1 + z/((-3)/21). Let i = 12 - y. What is the units digit of i?
6
Suppose 0 = -k - 0*k + 2. Suppose -3*l + 4 = -k*l. What is the units digit of l?
4
Let z be (-1)/5 + 1/5. Suppose z = 4*y - d - 21, 5*y = -0*d + 5*d + 30. What is the units digit of y?
5
Suppose 0 = 2*a - a. Suppose -140 = -5*g - 3*i - 2*i, 2*i + 4 = a. What is the tens digit of g?
3
Let j = 1 + 23. Suppose 4*n + 0*n = j. What is the units digit of n?
6
Let i(b) = b**2 - 6*b + 6. Suppose 7 = 4*o - 2*m - 1, 32 = 5*o + 3*m. Let u be i(o). What is the tens digit of (-11)/u*(-4)/(-2)?
1
Let a be (0/(5 - 3))/3. What is the tens digit of 18 + (-1 + a)*1?
1
Suppose 5*l - 5*s - 718 - 137 = 0, 2*l - s = 345. What is the hundreds digit of l?
1
Suppose 0 = 3*h + 6, 4*k = 5*h + 502. What is the hundreds digit of k?
1
Let z(c) = -c + 10. Let t be z(10). Suppose -5*i + 6*i + 1 = t. What is the units digit of 4 - 4 - 17/i?
7
Let j be 31/3 - 3/9. Suppose 2*c + 4*u - u = -2, -2*u - 28 = -4*c. Let o = j - c. What is the units digit of o?
5
Let l be ((-135)/(-20))/(3/8). Let x be 16/6*l/8. Let v = 0 + x. What is the units digit of v?
6
Suppose 0 = -4*i - b - 2*b + 574, -5*b - 700 = -5*i. What is the tens digit of i?
4
Let d be -4*(0 - 3/6). Suppose a - 2*s = 15, d*a + 30 = 4*a + s. Suppose l - 3*l + 3*t + 23 = 0, -3*l - 2*t = -a. What is the units digit of l?
7
Suppose -8*v + 7280 = 12*v. What is the tens digit of v?
6
Let x(v) be the third derivative of 0 - 1/24*v**4 + 0*v - 2*v**2 + v**3. What is the tens digit of x(-5)?
1
Let n(i) = -i**3 + 15*i**2 - 13*i + 12. Suppose 5*l - 70 = -0*l. What is the units digit of n(l)?
6
Let v(d) = d + 42. What is the units digit of v(0)?
2
Let g(s) = -s**3 - s**2 + 4*s + 4. Let r = -3 - -7. Suppose r = i + 7. What is the units digit of g(i)?
0
Let z(o) = -2*o**3 - 4*o**2 